{"id":2263,"date":"2024-05-08T13:42:01","date_gmt":"2024-05-08T11:42:01","guid":{"rendered":"https:\/\/www.der-yacht-anwalt.de\/?page_id=2263"},"modified":"2025-05-03T13:26:10","modified_gmt":"2025-05-03T11:26:10","slug":"current-events","status":"publish","type":"page","link":"https:\/\/www.der-yacht-anwalt.de\/en\/superyachtforum\/current-events\/","title":{"rendered":"Current Events"},"content":{"rendered":"<!--blockstudio\/blockstudio\/banner-->\n<div id=\"px-banner-blockstudio-cdc7aba71b12\" class=\"px-banner  imageposition-left showaward-no textposition-middle\">\n\t\t<div class=\"image\">\n\t\t<img decoding=\"async\" width=\"1600\" height=\"600\" src=\"https:\/\/www.der-yacht-anwalt.de\/wp-content\/uploads\/2024\/05\/banner_veranstaltungen-yacht_yachtanwalt.jpg\" class=\"attachment-Full Size size-Full Size\" alt=\"\" srcset=\"https:\/\/www.der-yacht-anwalt.de\/wp-content\/uploads\/2024\/05\/banner_veranstaltungen-yacht_yachtanwalt.jpg 1600w, https:\/\/www.der-yacht-anwalt.de\/wp-content\/uploads\/2024\/05\/banner_veranstaltungen-yacht_yachtanwalt-300x113.jpg 300w, https:\/\/www.der-yacht-anwalt.de\/wp-content\/uploads\/2024\/05\/banner_veranstaltungen-yacht_yachtanwalt-1024x384.jpg 1024w, https:\/\/www.der-yacht-anwalt.de\/wp-content\/uploads\/2024\/05\/banner_veranstaltungen-yacht_yachtanwalt-768x288.jpg 768w, https:\/\/www.der-yacht-anwalt.de\/wp-content\/uploads\/2024\/05\/banner_veranstaltungen-yacht_yachtanwalt-1536x576.jpg 1536w\" sizes=\"(max-width: 1600px) 100vw, 1600px\" \/>        \t <\/div> <!-- End Media wrapper -->\n\t\t\n    \n<\/div>\n\n\n\n<h1 class=\"wp-block-heading\">Personal Consultation<\/h1>\n\n\n\n<p class=\"is-style-subheadline\">at Yacht-Hot-Spots Summer 2025<\/p>\n\n\n\n<p>Starting in 2016, we offer a very special Service at Yacht-Hot-Spots around the MED:<\/p>\n\n\n\n<div class=\"wp-block-columns is-layout-flex wp-container-core-columns-is-layout-9d6595d7 wp-block-columns-is-layout-flex\">\n<div class=\"wp-block-column is-layout-flow wp-block-column-is-layout-flow\">\n<p><strong>Prof. Dr. Christoph Ph. Schlie\u00dfmann<\/strong><\/p>\n\n\n\n<p><em><strong>&#8220;Personal &#8211; By Appointment&#8221;<\/strong><\/em><\/p>\n\n\n\n<p>is available for Yacht Owners and decision makers of the Yacht Industry at certain time slots for very personal Learn-To-Know and Orientation Meetings.<\/p>\n\n\n\n<p>Please appoint and reserve your very personal <a href=\"https:\/\/www.der-yacht-anwalt.de\/en\/contact\/\">meeting<\/a>!<\/p>\n\n\n\n<p><a href=\"https:\/\/www.der-yacht-anwalt.de\/en\/contact\/\">\u00bb please contact us<\/a><\/p>\n<\/div>\n\n\n\n<div class=\"wp-block-column is-layout-flow wp-block-column-is-layout-flow\">\n<p class=\"has-text-align-center\"><strong>Split . Croatia<\/strong>&nbsp;(by appointment, especially all August)<\/p>\n\n\n\n<p class=\"has-text-align-center\">*<\/p>\n\n\n\n<p class=\"has-text-align-center\"><strong>Cannes<\/strong>&nbsp;(by appointement)<\/p>\n\n\n\n<p class=\"has-text-align-center\">*<\/p>\n\n\n\n<p class=\"has-text-align-center\"><strong>Monaco<\/strong>&nbsp;(by appointment)<\/p>\n\n\n\n<p class=\"has-text-align-center\">*<\/p>\n\n\n\n<p class=\"has-text-align-center\"><strong>Mallorca<\/strong>&nbsp;(by appointment)<\/p>\n<\/div>\n<\/div>\n\n\n\n<hr class=\"wp-block-separator has-alpha-channel-opacity\"\/>\n\n\n<!--blockstudio\/blockstudio\/news-->\n    <div id=\"news-blockstudio-71218c92add5\" class=\"px-news\">\n        <div class=\"news-items animate animate-parent\">\n                    <div class=\"news-item col fadeInUp number-1\" data-offset-top=\"300\">\n                <div class=\"image\">\n                    <a href=\"https:\/\/www.der-yacht-anwalt.de\/en\/blog\/risiko-yacht-arrest\/\">\n                                            <img decoding=\"async\" width=\"470\" height=\"600\" src=\"https:\/\/www.der-yacht-anwalt.de\/wp-content\/uploads\/2024\/04\/yacht-arrest-1.png\" class=\"attachment-large size-large wp-post-image\" alt=\"\" srcset=\"https:\/\/www.der-yacht-anwalt.de\/wp-content\/uploads\/2024\/04\/yacht-arrest-1.png 470w, https:\/\/www.der-yacht-anwalt.de\/wp-content\/uploads\/2024\/04\/yacht-arrest-1-235x300.png 235w\" sizes=\"(max-width: 470px) 100vw, 470px\" \/>                                        <\/a>\n                <\/div>\n                <div class=\"news-content\">\n                    <div class=\"news-header\">\n                        <p class=\"minitext\">18.11.21<\/p>\n                    <\/div>\n                    <h5 class=\"news-title headline\">RISIKO YACHT-ARREST<\/h5>\n                    <p class=\"excerpt\">\u00bb Lesen Sie dazu meinen Beitrag in Meer &amp; YACHTEN 2021<\/p>\n                    <a href=\"https:\/\/www.der-yacht-anwalt.de\/en\/blog\/risiko-yacht-arrest\/\" class=\"button\">Weiterlesen<\/a>\n                <\/div>\n            <\/div>\n                        <div class=\"news-item col fadeInUp number-2\" data-offset-top=\"300\">\n                <div class=\"image\">\n                    <a href=\"https:\/\/www.der-yacht-anwalt.de\/en\/blog\/die-superyacht-im-internationalen-nachlass\/\">\n                                            <img decoding=\"async\" width=\"400\" height=\"300\" src=\"https:\/\/www.der-yacht-anwalt.de\/wp-content\/uploads\/2024\/04\/superyacht-internationaler-nachlass.jpg\" class=\"attachment-large size-large wp-post-image\" alt=\"\" srcset=\"https:\/\/www.der-yacht-anwalt.de\/wp-content\/uploads\/2024\/04\/superyacht-internationaler-nachlass.jpg 400w, https:\/\/www.der-yacht-anwalt.de\/wp-content\/uploads\/2024\/04\/superyacht-internationaler-nachlass-300x225.jpg 300w\" sizes=\"(max-width: 400px) 100vw, 400px\" \/>                                        <\/a>\n                <\/div>\n                <div class=\"news-content\">\n                    <div class=\"news-header\">\n                        <p class=\"minitext\">18.06.21<\/p>\n                    <\/div>\n                    <h5 class=\"news-title headline\">Die \u201eSuperyacht\u201c im internationalen Nachlass<\/h5>\n                    <p class=\"excerpt\">Selten wird beim Bau oder Kauf einer Superyacht dar\u00fcber nachgedacht, dass diese ad hoc oder mit Ank\u00fcndigung auch Nachlassobjekt eines Erbfalles werden kann. Dabei ist sie meist ein nicht unerheblicher Teil des Verm\u00f6gensportfolios, weshalb bei der Gestaltung des Erwerbs- und Betriebskonzeptes auch der Erb- und vor allem Erbschaftsteuer-Aspekt mit Bedacht einbezogen werden sollte. Generell weisen [&hellip;]<\/p>\n                    <a href=\"https:\/\/www.der-yacht-anwalt.de\/en\/blog\/die-superyacht-im-internationalen-nachlass\/\" class=\"button\">Weiterlesen<\/a>\n                <\/div>\n            <\/div>\n                        <div class=\"news-item col fadeInUp number-3\" data-offset-top=\"300\">\n                <div class=\"image\">\n                    <a href=\"https:\/\/www.der-yacht-anwalt.de\/en\/blog\/streifzug-yachting-2021-rechtliche-und-steuerliche-superyachtoptimierung\/\">\n                                            <img decoding=\"async\" width=\"640\" height=\"482\" src=\"https:\/\/www.der-yacht-anwalt.de\/wp-content\/uploads\/2019\/03\/monaco-boatshow-2018.jpg\" class=\"attachment-large size-large wp-post-image\" alt=\"\" srcset=\"https:\/\/www.der-yacht-anwalt.de\/wp-content\/uploads\/2019\/03\/monaco-boatshow-2018.jpg 796w, https:\/\/www.der-yacht-anwalt.de\/wp-content\/uploads\/2019\/03\/monaco-boatshow-2018-300x226.jpg 300w, https:\/\/www.der-yacht-anwalt.de\/wp-content\/uploads\/2019\/03\/monaco-boatshow-2018-768x579.jpg 768w\" sizes=\"(max-width: 640px) 100vw, 640px\" \/>                                        <\/a>\n                <\/div>\n                <div class=\"news-content\">\n                    <div class=\"news-header\">\n                        <p class=\"minitext\">02.01.21<\/p>\n                    <\/div>\n                    <h5 class=\"news-title headline\">STREIFZUG YACHTING 2021 &#8211; rechtliche und steuerliche Superyachtoptimierung<\/h5>\n                    <p class=\"excerpt\">Lesen Sie dazu ab S. 122 https:\/\/www.streifzugmedia.com\/streifzug-yachting-2021<\/p>\n                    <a href=\"https:\/\/www.der-yacht-anwalt.de\/en\/blog\/streifzug-yachting-2021-rechtliche-und-steuerliche-superyachtoptimierung\/\" class=\"button\">Weiterlesen<\/a>\n                <\/div>\n            <\/div>\n                        <div class=\"news-item col fadeInUp number-4\" data-offset-top=\"300\">\n                <div class=\"image\">\n                    <a href=\"https:\/\/www.der-yacht-anwalt.de\/en\/blog\/yacht-leasing-vat-nach-dem-eugh-mercedes-urteil-und-bmf-vom-18-marz-2020\/\">\n                                            <img decoding=\"async\" width=\"640\" height=\"486\" src=\"https:\/\/www.der-yacht-anwalt.de\/wp-content\/uploads\/2024\/05\/tax-icons-3334326_1280.jpg\" class=\"attachment-large size-large wp-post-image\" alt=\"\" srcset=\"https:\/\/www.der-yacht-anwalt.de\/wp-content\/uploads\/2024\/05\/tax-icons-3334326_1280.jpg 790w, https:\/\/www.der-yacht-anwalt.de\/wp-content\/uploads\/2024\/05\/tax-icons-3334326_1280-300x228.jpg 300w, https:\/\/www.der-yacht-anwalt.de\/wp-content\/uploads\/2024\/05\/tax-icons-3334326_1280-768x583.jpg 768w\" sizes=\"(max-width: 640px) 100vw, 640px\" \/>                                        <\/a>\n                <\/div>\n                <div class=\"news-content\">\n                    <div class=\"news-header\">\n                        <p class=\"minitext\">02.04.20<\/p>\n                    <\/div>\n                    <h5 class=\"news-title headline\">Yacht-Leasing-VAT nach dem EuGH Mercedes-Urteil und BMF vom 18. M\u00e4rz 2020<\/h5>\n                    <p class=\"excerpt\">Bundesministerium f\u00fcr Finanzen stellt die Einordnung der \u00dcberlassung von Gegenst\u00e4nden im Rahmen von Leasingvertr\u00e4gen klar:&nbsp;Yacht-Leasing-Modelle sind dann keine Abzahlungsk\u00e4ufe mit f\u00e4llig voller Mehrwertsteuer mit der ersten Rate, wenn sie wirtschaftlich als echte Nutzungsleasings mit reellem Restwert kalkuliert sind und nicht nach einer kurzen Laufzeit zur faktischen Abzahlung der Yacht f\u00fchren und wirtschaftlich keine Alternative zur [&hellip;]<\/p>\n                    <a href=\"https:\/\/www.der-yacht-anwalt.de\/en\/blog\/yacht-leasing-vat-nach-dem-eugh-mercedes-urteil-und-bmf-vom-18-marz-2020\/\" class=\"button\">Weiterlesen<\/a>\n                <\/div>\n            <\/div>\n                        <div class=\"news-item col fadeInUp number-5\" data-offset-top=\"300\">\n                <div class=\"image\">\n                    <a href=\"https:\/\/www.der-yacht-anwalt.de\/en\/blog\/das-neue-cps-croatia-yacht-charter-model-c-eine-innovative-wirtschaftliche-alternative-zum-yacht-kauf-und-betrieb-in-der-eu\/\">\n                                            <img decoding=\"async\" width=\"640\" height=\"426\" src=\"https:\/\/www.der-yacht-anwalt.de\/wp-content\/uploads\/2019\/06\/croatia-4754109_1280-1024x682.jpg\" class=\"attachment-large size-large wp-post-image\" alt=\"\" srcset=\"https:\/\/www.der-yacht-anwalt.de\/wp-content\/uploads\/2019\/06\/croatia-4754109_1280-1024x682.jpg 1024w, https:\/\/www.der-yacht-anwalt.de\/wp-content\/uploads\/2019\/06\/croatia-4754109_1280-300x200.jpg 300w, https:\/\/www.der-yacht-anwalt.de\/wp-content\/uploads\/2019\/06\/croatia-4754109_1280-768x512.jpg 768w, https:\/\/www.der-yacht-anwalt.de\/wp-content\/uploads\/2019\/06\/croatia-4754109_1280.jpg 1280w\" sizes=\"(max-width: 640px) 100vw, 640px\" \/>                                        <\/a>\n                <\/div>\n                <div class=\"news-content\">\n                    <div class=\"news-header\">\n                        <p class=\"minitext\">01.06.19<\/p>\n                    <\/div>\n                    <h5 class=\"news-title headline\">Das neue CPS-Croatia-Yacht-Charter-Model (c) \u2013 eine innovative wirtschaftliche Alternative zum Yacht-Kauf und -betrieb in der EU<\/h5>\n                    <p class=\"excerpt\">Das neue Malta-Lease eignet sich aufgrund des Gestaltungs- und Verwaltungsaufwands aus wirtschaftlicher Sicht f\u00fcr Yachten jenseits des 3 Mio. \u20ac Investments bzw. f\u00fcr solche, die tats\u00e4chlich in einem signifikanten Umfang offshore = non-EU unterwegs sind. Das schr\u00e4nkt gegen\u00fcber dem fr\u00fcheren Malta-Lease den Kreis der potenziellen Zielgruppe sehr deutlich ein. Ich m\u00f6chte eine gerade best\u00e4tigte innovative [&hellip;]<\/p>\n                    <a href=\"https:\/\/www.der-yacht-anwalt.de\/en\/blog\/das-neue-cps-croatia-yacht-charter-model-c-eine-innovative-wirtschaftliche-alternative-zum-yacht-kauf-und-betrieb-in-der-eu\/\" class=\"button\">Weiterlesen<\/a>\n                <\/div>\n            <\/div>\n                    <\/div>\n    <\/div>\n","protected":false},"excerpt":{"rendered":"<p>Personal Consultation at Yacht-Hot-Spots Summer 2025 Starting in 2016, we offer a very special Service at Yacht-Hot-Spots around the MED: Prof. Dr. Christoph Ph. Schlie\u00dfmann &#8220;Personal &#8211; By Appointment&#8221; is available for Yacht Owners and decision makers of the Yacht Industry at certain time slots for very personal Learn-To-Know and Orientation Meetings. Please appoint and [&hellip;]<\/p>\n","protected":false},"author":4,"featured_media":0,"parent":2244,"menu_order":9,"comment_status":"closed","ping_status":"closed","template":"","meta":{"_acf_changed":false,"footnotes":""},"class_list":["post-2263","page","type-page","status-publish","hentry"],"acf":[],"_links":{"self":[{"href":"https:\/\/www.der-yacht-anwalt.de\/en\/wp-json\/wp\/v2\/pages\/2263","targetHints":{"allow":["GET"]}}],"collection":[{"href":"https:\/\/www.der-yacht-anwalt.de\/en\/wp-json\/wp\/v2\/pages"}],"about":[{"href":"https:\/\/www.der-yacht-anwalt.de\/en\/wp-json\/wp\/v2\/types\/page"}],"author":[{"embeddable":true,"href":"https:\/\/www.der-yacht-anwalt.de\/en\/wp-json\/wp\/v2\/users\/4"}],"replies":[{"embeddable":true,"href":"https:\/\/www.der-yacht-anwalt.de\/en\/wp-json\/wp\/v2\/comments?post=2263"}],"version-history":[{"count":0,"href":"https:\/\/www.der-yacht-anwalt.de\/en\/wp-json\/wp\/v2\/pages\/2263\/revisions"}],"up":[{"embeddable":true,"href":"https:\/\/www.der-yacht-anwalt.de\/en\/wp-json\/wp\/v2\/pages\/2244"}],"wp:attachment":[{"href":"https:\/\/www.der-yacht-anwalt.de\/en\/wp-json\/wp\/v2\/media?parent=2263"}],"curies":[{"name":"wp","href":"https:\/\/api.w.org\/{rel}","templated":true}]}}

<!--blockstudio/blockstudio/banner-->
<div id="px-banner-blockstudio-cdc7aba71b12" class="px-banner  imageposition-left showaward-no textposition-middle">
		<div class="image">
		<img decoding="async" width="1600" height="600" src="https://www.der-yacht-anwalt.de/wp-content/uploads/2024/05/banner_veranstaltungen-yacht_yachtanwalt.jpg" class="attachment-Full Size size-Full Size" alt="" srcset="https://www.der-yacht-anwalt.de/wp-content/uploads/2024/05/banner_veranstaltungen-yacht_yachtanwalt.jpg 1600w, https://www.der-yacht-anwalt.de/wp-content/uploads/2024/05/banner_veranstaltungen-yacht_yachtanwalt-300x113.jpg 300w, https://www.der-yacht-anwalt.de/wp-content/uploads/2024/05/banner_veranstaltungen-yacht_yachtanwalt-1024x384.jpg 1024w, https://www.der-yacht-anwalt.de/wp-content/uploads/2024/05/banner_veranstaltungen-yacht_yachtanwalt-768x288.jpg 768w, https://www.der-yacht-anwalt.de/wp-content/uploads/2024/05/banner_veranstaltungen-yacht_yachtanwalt-1536x576.jpg 1536w" sizes="(max-width: 1600px) 100vw, 1600px" />        	 </div> <!-- End Media wrapper -->
		
    
</div>



<h1 class="wp-block-heading">Personal Consultation</h1>



<p class="is-style-subheadline">at Yacht-Hot-Spots Summer 2025</p>



<p>Starting in 2016, we offer a very special Service at Yacht-Hot-Spots around the MED:</p>



<div class="wp-block-columns is-layout-flex wp-container-core-columns-is-layout-9d6595d7 wp-block-columns-is-layout-flex">
<div class="wp-block-column is-layout-flow wp-block-column-is-layout-flow">
<p><strong>Prof. Dr. Christoph Ph. Schließmann</strong></p>



<p><em><strong>&#8220;Personal &#8211; By Appointment&#8221;</strong></em></p>



<p>is available for Yacht Owners and decision makers of the Yacht Industry at certain time slots for very personal Learn-To-Know and Orientation Meetings.</p>



<p>Please appoint and reserve your very personal <a href="https://www.der-yacht-anwalt.de/en/contact/">meeting</a>!</p>



<p><a href="https://www.der-yacht-anwalt.de/en/contact/">» please contact us</a></p>
</div>



<div class="wp-block-column is-layout-flow wp-block-column-is-layout-flow">
<p class="has-text-align-center"><strong>Split . Croatia</strong>&nbsp;(by appointment, especially all August)</p>



<p class="has-text-align-center">*</p>



<p class="has-text-align-center"><strong>Cannes</strong>&nbsp;(by appointement)</p>



<p class="has-text-align-center">*</p>



<p class="has-text-align-center"><strong>Monaco</strong>&nbsp;(by appointment)</p>



<p class="has-text-align-center">*</p>



<p class="has-text-align-center"><strong>Mallorca</strong>&nbsp;(by appointment)</p>
</div>
</div>



<hr class="wp-block-separator has-alpha-channel-opacity"/>


<!--blockstudio/blockstudio/news-->
    <div id="news-blockstudio-71218c92add5" class="px-news">
        <div class="news-items animate animate-parent">
                    <div class="news-item col fadeInUp number-1" data-offset-top="300">
                <div class="image">
                    <a href="https://www.der-yacht-anwalt.de/en/blog/risiko-yacht-arrest/">
                                            <img decoding="async" width="470" height="600" src="https://www.der-yacht-anwalt.de/wp-content/uploads/2024/04/yacht-arrest-1.png" class="attachment-large size-large wp-post-image" alt="" srcset="https://www.der-yacht-anwalt.de/wp-content/uploads/2024/04/yacht-arrest-1.png 470w, https://www.der-yacht-anwalt.de/wp-content/uploads/2024/04/yacht-arrest-1-235x300.png 235w" sizes="(max-width: 470px) 100vw, 470px" />                                        </a>
                </div>
                <div class="news-content">
                    <div class="news-header">
                        <p class="minitext">18.11.21</p>
                    </div>
                    <h5 class="news-title headline">RISIKO YACHT-ARREST</h5>
                    <p class="excerpt">» Lesen Sie dazu meinen Beitrag in Meer &amp; YACHTEN 2021</p>
                    <a href="https://www.der-yacht-anwalt.de/en/blog/risiko-yacht-arrest/" class="button">Weiterlesen</a>
                </div>
            </div>
                        <div class="news-item col fadeInUp number-2" data-offset-top="300">
                <div class="image">
                    <a href="https://www.der-yacht-anwalt.de/en/blog/die-superyacht-im-internationalen-nachlass/">
                                            <img decoding="async" width="400" height="300" src="https://www.der-yacht-anwalt.de/wp-content/uploads/2024/04/superyacht-internationaler-nachlass.jpg" class="attachment-large size-large wp-post-image" alt="" srcset="https://www.der-yacht-anwalt.de/wp-content/uploads/2024/04/superyacht-internationaler-nachlass.jpg 400w, https://www.der-yacht-anwalt.de/wp-content/uploads/2024/04/superyacht-internationaler-nachlass-300x225.jpg 300w" sizes="(max-width: 400px) 100vw, 400px" />                                        </a>
                </div>
                <div class="news-content">
                    <div class="news-header">
                        <p class="minitext">18.06.21</p>
                    </div>
                    <h5 class="news-title headline">Die „Superyacht“ im internationalen Nachlass</h5>
                    <p class="excerpt">Selten wird beim Bau oder Kauf einer Superyacht darüber nachgedacht, dass diese ad hoc oder mit Ankündigung auch Nachlassobjekt eines Erbfalles werden kann. Dabei ist sie meist ein nicht unerheblicher Teil des Vermögensportfolios, weshalb bei der Gestaltung des Erwerbs- und Betriebskonzeptes auch der Erb- und vor allem Erbschaftsteuer-Aspekt mit Bedacht einbezogen werden sollte. Generell weisen [&hellip;]</p>
                    <a href="https://www.der-yacht-anwalt.de/en/blog/die-superyacht-im-internationalen-nachlass/" class="button">Weiterlesen</a>
                </div>
            </div>
                        <div class="news-item col fadeInUp number-3" data-offset-top="300">
                <div class="image">
                    <a href="https://www.der-yacht-anwalt.de/en/blog/streifzug-yachting-2021-rechtliche-und-steuerliche-superyachtoptimierung/">
                                            <img decoding="async" width="640" height="482" src="https://www.der-yacht-anwalt.de/wp-content/uploads/2019/03/monaco-boatshow-2018.jpg" class="attachment-large size-large wp-post-image" alt="" srcset="https://www.der-yacht-anwalt.de/wp-content/uploads/2019/03/monaco-boatshow-2018.jpg 796w, https://www.der-yacht-anwalt.de/wp-content/uploads/2019/03/monaco-boatshow-2018-300x226.jpg 300w, https://www.der-yacht-anwalt.de/wp-content/uploads/2019/03/monaco-boatshow-2018-768x579.jpg 768w" sizes="(max-width: 640px) 100vw, 640px" />                                        </a>
                </div>
                <div class="news-content">
                    <div class="news-header">
                        <p class="minitext">02.01.21</p>
                    </div>
                    <h5 class="news-title headline">STREIFZUG YACHTING 2021 &#8211; rechtliche und steuerliche Superyachtoptimierung</h5>
                    <p class="excerpt">Lesen Sie dazu ab S. 122 https://www.streifzugmedia.com/streifzug-yachting-2021</p>
                    <a href="https://www.der-yacht-anwalt.de/en/blog/streifzug-yachting-2021-rechtliche-und-steuerliche-superyachtoptimierung/" class="button">Weiterlesen</a>
                </div>
            </div>
                        <div class="news-item col fadeInUp number-4" data-offset-top="300">
                <div class="image">
                    <a href="https://www.der-yacht-anwalt.de/en/blog/yacht-leasing-vat-nach-dem-eugh-mercedes-urteil-und-bmf-vom-18-marz-2020/">
                                            <img decoding="async" width="640" height="486" src="https://www.der-yacht-anwalt.de/wp-content/uploads/2024/05/tax-icons-3334326_1280.jpg" class="attachment-large size-large wp-post-image" alt="" srcset="https://www.der-yacht-anwalt.de/wp-content/uploads/2024/05/tax-icons-3334326_1280.jpg 790w, https://www.der-yacht-anwalt.de/wp-content/uploads/2024/05/tax-icons-3334326_1280-300x228.jpg 300w, https://www.der-yacht-anwalt.de/wp-content/uploads/2024/05/tax-icons-3334326_1280-768x583.jpg 768w" sizes="(max-width: 640px) 100vw, 640px" />                                        </a>
                </div>
                <div class="news-content">
                    <div class="news-header">
                        <p class="minitext">02.04.20</p>
                    </div>
                    <h5 class="news-title headline">Yacht-Leasing-VAT nach dem EuGH Mercedes-Urteil und BMF vom 18. März 2020</h5>
                    <p class="excerpt">Bundesministerium für Finanzen stellt die Einordnung der Überlassung von Gegenständen im Rahmen von Leasingverträgen klar:&nbsp;Yacht-Leasing-Modelle sind dann keine Abzahlungskäufe mit fällig voller Mehrwertsteuer mit der ersten Rate, wenn sie wirtschaftlich als echte Nutzungsleasings mit reellem Restwert kalkuliert sind und nicht nach einer kurzen Laufzeit zur faktischen Abzahlung der Yacht führen und wirtschaftlich keine Alternative zur [&hellip;]</p>
                    <a href="https://www.der-yacht-anwalt.de/en/blog/yacht-leasing-vat-nach-dem-eugh-mercedes-urteil-und-bmf-vom-18-marz-2020/" class="button">Weiterlesen</a>
                </div>
            </div>
                        <div class="news-item col fadeInUp number-5" data-offset-top="300">
                <div class="image">
                    <a href="https://www.der-yacht-anwalt.de/en/blog/das-neue-cps-croatia-yacht-charter-model-c-eine-innovative-wirtschaftliche-alternative-zum-yacht-kauf-und-betrieb-in-der-eu/">
                                            <img decoding="async" width="640" height="426" src="https://www.der-yacht-anwalt.de/wp-content/uploads/2019/06/croatia-4754109_1280-1024x682.jpg" class="attachment-large size-large wp-post-image" alt="" srcset="https://www.der-yacht-anwalt.de/wp-content/uploads/2019/06/croatia-4754109_1280-1024x682.jpg 1024w, https://www.der-yacht-anwalt.de/wp-content/uploads/2019/06/croatia-4754109_1280-300x200.jpg 300w, https://www.der-yacht-anwalt.de/wp-content/uploads/2019/06/croatia-4754109_1280-768x512.jpg 768w, https://www.der-yacht-anwalt.de/wp-content/uploads/2019/06/croatia-4754109_1280.jpg 1280w" sizes="(max-width: 640px) 100vw, 640px" />                                        </a>
                </div>
                <div class="news-content">
                    <div class="news-header">
                        <p class="minitext">01.06.19</p>
                    </div>
                    <h5 class="news-title headline">Das neue CPS-Croatia-Yacht-Charter-Model (c) – eine innovative wirtschaftliche Alternative zum Yacht-Kauf und -betrieb in der EU</h5>
                    <p class="excerpt">Das neue Malta-Lease eignet sich aufgrund des Gestaltungs- und Verwaltungsaufwands aus wirtschaftlicher Sicht für Yachten jenseits des 3 Mio. € Investments bzw. für solche, die tatsächlich in einem signifikanten Umfang offshore = non-EU unterwegs sind. Das schränkt gegenüber dem früheren Malta-Lease den Kreis der potenziellen Zielgruppe sehr deutlich ein. Ich möchte eine gerade bestätigte innovative [&hellip;]</p>
                    <a href="https://www.der-yacht-anwalt.de/en/blog/das-neue-cps-croatia-yacht-charter-model-c-eine-innovative-wirtschaftliche-alternative-zum-yacht-kauf-und-betrieb-in-der-eu/" class="button">Weiterlesen</a>
                </div>
            </div>
                    </div>
    </div>

<p>Personal Consultation at Yacht-Hot-Spots Summer 2025 Starting in 2016, we offer a very special Service at Yacht-Hot-Spots around the MED: Prof. Dr. Christoph Ph. Schließmann &#8220;Personal &#8211; By Appointment&#8221; is available for Yacht Owners and decision makers of the Yacht Industry at certain time slots for very personal Learn-To-Know and Orientation Meetings. Please appoint and [&hellip;]</p>
